6
Let l(j) = -9*j + 9. Let s(m) = 2*m - 1. Let u(q) = l(q) + 5*s(q). Give u(-3).
1
Let v be 1/(1/(-5)*-1). Let r = -21 - -26. Suppose -r*l + v + 0 = 0. Let j(p) = 9*p**3 - 1. Give j(l).
8
Let m(z) = -39*z + 4*z**2 - 3 + 12*z + 3*z + 8*z + 13*z. What is m(3)?
24
Let j(l) = -39*l**2 + 83*l**2 - 45*l**2. Give j(2).
-4
Let j(i) = -i**3 - i**2 + i - 1. Let z(b) = -4*b**3 + b**2 - 2*b - 7. Let h(d) = 5*j(d) - z(d). Let t be (-45)/54*6 + -2. Give h(t).
2
Let w(v) = -v**3 + 2*v**2 + 3*v + 2. Let a be w(3). Let i(l) = -3 + l**3 - 3*l**a + l - 6*l + l. Suppose 5*o = -2*f + 33, -5*f - o + 29 - 4 = 0. Determine i(f).
-3
Let y(b) = 2 - 9 + b + 8. Let s(l) = l**3 - 2*l**2 + 2*l + 2. Let i be s(2). Suppose 13*k - 16*k = -i. Give y(k).
3
Suppose -p + 5*k + 2 = 7, -2*p + 5*k = 0. Let y(h) = 9*h - 6. Calculate y(p).
39
Let r be 9 - ((-2263)/(-465) + 4/30). Let m(v) = v**3 - 2*v**2 - 5*v + 6. Determine m(r).
18
Let f(w) = 5 - 2 - 3*w - 2. Let u(o) = 4*o - 2. Let z(k) = -3*f(k) - 2*u(k). Determine z(-7).
-6
Let b(m) be the second derivative of m**3/6 + 4*m**2 - m - 6. Give b(-8).
0
Let x be (5 - 3) + (-14)/(-2). Let n = 11 - x. Suppose -5*w + 0 = -n*t - 2, -5*w - t = -14. Let r(p) = 2*p**2 - 1. What is r(w)?
7
Let w(u) = -u + 1. Let v(i) be the third derivative of i**5/60 + i**4/24 - 2*i**3/3 + 18*i**2. Let d(m) = -v(m) + 2*w(m). Determine d(-5).
-4
Let j = 14 - -35. Suppose -j + 17 = 4*i. Let l(m) = -m - 11. Give l(i).
-3
Let x(o) = o**2 - 4*o + 50. Let q(s) = 3*s**2 - 13*s + 133. Let p(n) = 3*q(n) - 8*x(n). Suppose -3*j + 0*j + 18 = 0. What is p(j)?
-7
Let w(m) = m + 13. Let b = 223 + -232. Calculate w(b).
4
Let z(y) = -y**2 + 17*y - 6. Let k(x) = -17*x**3. Let q be k(-1). Give z(q).
-6
Let j(u) = -5*u**3 - 32*u**2 + 62*u - 4. Let q(s) = s**3 + 6*s**2 - 11*s + 1. Let h(k) = 2*j(k) + 11*q(k). Calculate h(-2).
-3
Suppose 0 = -5*f + f + 24. Let c(d) = -21*d**3 - 4 + 38*d**3 - 18*d**3 - 7*d - f*d**2. Determine c(-5).
6
Let g(o) = -4*o - 3. Let b(y) = -y. Let s(r) = 5*b(r) - g(r). Let l be (-2)/(((-30)/(-240))/((-2)/(-8))). Give s(l).
7
Let x(k) = -29*k**2 - 9*k + 5. Suppose f = 9 - 7. Let n(s) = 7*s**2 + 2*s - 1. Let h(t) = f*x(t) + 9*n(t). Let u be (1 - (0 + -1)) + -3. Calculate h(u).
6
Let x(z) = 12*z - 2*z - 23*z + 12*z - 10. Suppose -12 - 3 = 3*t. Give x(t).
-5
Suppose -68*v + 256 = -100*v. Let r(o) = 3*o + 13. What is r(v)?
-11
Suppose -7*t = -3*t - 8. Let f(l) = -6 + 2*l**t - 15*l + 3*l - 4*l**2 + 3*l**2. Calculate f(12).
-6
Suppose 23*g = -5*g. Let q(z) = -z**3 - z**2 + z - 6. Calculate q(g).
-6
Let m(o) = o**2 - 2*o. Let x = -4 - -7. Let b be m(x). Suppose 5*l = b*h - 1 + 15, 0 = 4*h - 8. Let d(z) = -z + 2. Calculate d(l).
-2
Let b(m) = m**3 + 22*m**2 - 48*m - 5. Let k be b(-24). Let s(v) = 3*v**2 + 7*v - 1. Give s(k).
39
Let q be ((-1)/(-3))/(1/51). Suppose 2*t + o = -0*t + q, 3*o = t + 9. Let v(u) = -u. Let i(y) = -2*y - 10. Let g(a) = -i(a) + 3*v(a). What is g(t)?
4
Suppose 0 = -5*s - 2*p - 17, -98*p - 6 = 2*s - 97*p. Let n(k) = -6*k**2 - 6*k + 14. Let h(c) = c**2 + c - 3. Let o(y) = -11*h(y) - 2*n(y). Calculate o(s).
25
Let n(j) = 3*j + 36. Let o(t) = t**2 + 86*t + 683. Let h be o(-9). What is n(h)?
6
Suppose 5 = -5*g + 5*k, -4*g = -6*g + k. Let a(v) = 4*v**3 - 2*v + 2. What is a(g)?
4
Let v(k) = k + 5. Let z(r) = 5*r + 24. Let o(g) = -11*v(g) + 2*z(g). Determine o(-12).
5
Let g(c) = -c**3 + 1 + 5*c - 16 - 3*c + 19. Calculate g(-2).
8
Let b(z) be the third derivative of -z**4/12 + z**3/2 - z**2. Let i(w) = 13*w + 4 - 10 - 2*w**2 + w. Let r be i(6). Calculate b(r).
-9
Let c(w) = w - 2. Suppose -4*f = -8*f - 64. Let r = -11 - f. Let n be (-28)/(-5) - (-2)/r. What is c(n)?
4
Let n(q) be the third derivative of -q**4/12 - q**3/3 - 169*q**2. Give n(-8).
14
Let v = -924 + 921. Let h(o) = -o**3 - 6*o**2 - o + 3. Calculate h(v).
-21
Let b(z) = 3*z**2 + 2*z + 4. Let q(l) = l**2. Suppose -3*r = -6*r + 12. Let c(u) = r*q(u) - b(u). Calculate c(3).
-1
Suppose -3*h = 5*x - 22, 0 = -4*h - x - 2*x + 22. Let s(o) be the third derivative of o**3 - 2*o**2 + 11*o - 5/24*o**4 + 0. Calculate s(h).
-14
Let a(u) = -22*u + 1 - 5*u**3 - 2 + 10*u + 10*u + 4*u**3. Give a(-1).
2
Let y be 10/(-25) - 24/(-10). Let o(i) = 3*i**2 - 4*i**2 + 0*i**y. Let q be -1 - -6 - (-6)/(-3). Calculate o(q).
-9
Suppose -4*j = 2*k + 2*k + 8, k + 22 = -5*j. Let z(m) be the second derivative of -2*m**3/3 + 3*m**2/2 + 5*m. What is z(k)?
-9
Let v(s) = s**2 - 12*s - 12. Let z be (-34)/(-3) + (-32)/(-48). Determine v(z).
-12
Let a be (1 - -1 - (2 + 1))*2. Let w(d) be the third derivative of -d**4/8 + d**3/6 - d**2. Let g(u) = -u. Let s(p) = a*g(p) + w(p). Determine s(0).
1
Let u be 0 - (-2 + 4)*-8. Suppose 3*t + 0*i - 53 = -2*i, u = 4*i. Let v(q) = -5 + t - 12 - 2*q. Determine v(-2).
2
Let m(y) = -6*y**2 - 3*y - 1. Let l be 0/(-1) - (15 - 11). Let a be 10/(-4) + l/(-8). Give m(a).
-19
Let q(v) = -6*v**3 + 7*v**2 - 11*v + 8. Let r(o) = 5*o**3 - 6*o**2 + 10*o - 7. Let a(y) = -4*q(y) - 5*r(y). Calculate a(2).
-9
Let o(f) = -14*f + 1. Let z(u) = 3*u. Let i(l) = -o(l) - 4*z(l). Give i(6).
11
Suppose -3*q = -5*y - 40, 2*q - 4*y - y = 35. Suppose 3*g - q*p = 49, -2*g - p = p - 6. Let k(m) = m - 12. Determine k(g).
-4
Let r(j) be the second derivative of -5*j**3/6 - j**2 + j - 77. What is r(2)?
-12
Suppose 4 = -0*m + 2*m. Suppose 3*v - 14 + m = 0. Let z(c) = -5*c - 35. Let t(d) = -3*d - 23. Let q(o) = -8*t(o) + 5*z(o). Give q(v).
5
Let b(g) = g**2 - 2*g + 1. Let q be b(1). Let o(v) = -v + 1. Let w be o(q). Let p(f) = -5*f**3 - f + 1. Calculate p(w).
-5
Let n(s) = 284*s - 1 + 6*s**2 - 562*s + 2 + 285*s - s**3 + 1. Give n(6).
44
Let s = 81 - 76. Suppose -s*c - 45 = 3*m, 5*m + 62 = -5*c - 3. Let a(f) = f**2 + 8*f - 9. What is a(m)?
11
Let w = -1374 + 1368. Let k(t) = -t - 10. Give k(w).
-4
Let z(u) be the first derivative of -u**3/3 - 7*u**2 - 12*u - 36. Give z(-13).
1
Let t(h) = 4*h**3 + h**2 - 1. Let s be ((-2)/(-12))/((-7)/42). Calculate t(s).
-4
Let a = 34 - 28. Let i(k) = 7*k + 2*k - a*k + 1. Give i(-1).
-2
Let x(s) = -s + 2. Let o = -107 - -104. Determine x(o).
5
Let r(v) = -v + 1. Let k = -19 - -37. Let x = -146 + 119. Let y be (k/x)/(2/(-18)). Calculate r(y).
-5
Let f(t) be the second derivative of 0 - 1/12*t**4 + 24*t + t**2 + 7/6*t**3. What is f(7)?
2
Let x(h) = h - 9*h - 393 + 413 + 3*h. Calculate x(5).
-5
Let t(i) = 3*i**3 + 27*i**2 + 18*i + 16. Let p(v) = v**3 + 9*v**2 + 6*v + 5. Let f(d) = 7*p(d) - 2*t(d). What is f(-8)?
19
Let y(u) = 2*u**2 - 3*u - 3. Suppose 3*s = -2*b - 29, -3*b - 32 - 13 = 5*s. Let c be (-28)/10 + (-8)/b. Determine y(c).
11
Suppose 5 = 3*u + 8. Let r = 16 + -10. Let o(g) = -4*g**2 - 1 - 6*g + 10*g - r*g. Give o(u).
-3
Let p = -8 - -11. Suppose 2*y = p*y - 2, -5*b - 4*y = -33. Let k(o) = -3*o + 9*o - 5*o - 2*o - b. What is k(-8)?
3
Suppose -5*o - 6 - 14 = 0. Let l(n) = -6*n**2 - 1 + 2*n**2 - n**3 - n**2 - 2*n. Determine l(o).
-9
Let u(z) = -3*z + z**3 + 4*z + z + 9*z**2 + 3*z - 7*z - 12. What is u(-9)?
6
Let s(x) = x**2 - 5. Let j be s(-3). Let w(i) = -19*i**3 - j*i**2 + 18*i**3 + 0 + 5*i + 5. Calculate w(-5).
5
Let s(z) = 2*z**3 + z**2 + z + 2. Let u(y) = -9*y**3 - 18*y**2 - 4*y - 18. Let n(m) = 5*s(m) + u(m). Give n(13).
5
Let h(g) = 25*g**2 - 12*g + 18. Let f(o) = 69*o**2 - 35*o + 52. Let x(r) = 4*f(r) - 11*h(r). Determine x(9).
19
Let b(i) = -2*i - 8. Suppose 3*n = 3*g + 24, 5*g - 3*n + 20 + 18 = 0. Determine b(g).
6
Suppose -v - d + 2 = 0, -3*d + 1 + 7 = 5*v. Let z(l) = -23*l**3 + l**2 - l + 1. Determine z(v).
-22
Let c be 18/(2 - 8) - (-13 - 0). Let l be (-39)/(-26) - (-2 - c/(-4)). Let q(k) = 2*k - 1. Give q(l).
1
Let u = 0 - 3. Let k(b) = -b + b + 6*b**2 - 1 - 5*b**2. Let p(h) = 2*h**2 + 3*h - 2. Let q(t) = k(t) - p(t). Give q(u).
1
Let f be 3/(-15) + (-130)/(-25). Let j(g) = -2 - 3 - 158*g + 160*g. Give j(f).
5
Let a(o) be the second derivative of o**7/840 + o**6/72 + o**5/40 - o**4/8 - 7*o**3/6 + 16*o. Let w(t) be the second derivative of a(t). What is w(-3)?
6
Let f(v) be the second derivative of v**3/6 + 4*v**2 - 2*v + 3. Calculate f(-5).
3
Let v = -89 + 32. Let s = v - -61. Let w(t) = t**3 - 2*t**2 - 6*t + 1. What is w(s)?
9
Let p(f) = f + 3. Suppose 5 - 15 = -5*l. Suppose w - l*w = 6*w. Give p(w).
3
Let y(c) = 3*c - 7. Let f = 99 + 27. Let h = -119 + f. What is y(h